 j(n) = 30*n + 23. Let t be j(4). Let f = 38 - t. Let o = -21 - f. What are the prime factors of o?
2, 3, 7
Let c = -456 - -10772. What are the prime factors of c?
2, 2579
Let l(w) = w + 5. Let h be l(14). Suppose 0 = -h*j + 22*j - 15. Suppose 0*y + 252 = 4*f + j*y, 0 = 3*f - 2*y - 166. List the prime factors of f.
2, 29
Suppose -2*d - 4*v = -9600, 7*v - 4795 = -d + 6*v. List the prime factors of d.
2, 5, 479
Let v(m) = 2*m**3 + 3*m**2 + 3*m + 47. Let g be v(14). List the prime factors of (4 - (-42)/(-11)) + g/33.
11, 17
Let c = -6287 + 11661. What are the prime factors of c?
2, 2687
Suppose -721441 = 27*r - 1225270 - 866961. List the prime factors of r.
2, 5, 5077
Let y(m) = -m**3 - 12*m**2 + 14*m + 12. Let i be y(-13). Let j be 2/i + 84/14. Suppose 4*t - j*q - 291 = -q, -2*t = 3*q - 123. What are the prime factors of t?
3, 23
Let f(o) = 571*o - 1099. List the prime factors of f(22).
3, 3821
Let m = 115 - 95. Let h = m - 6. Suppose h*o + 100 = 19*o. What are the prime factors of o?
2, 5
Let t be (416/(-40))/((-4)/10). Let o = 30 - t. Suppose o*k - 222 = k. What are the prime factors of k?
2, 37
Let r(m) = m**3 + 9*m**2 + 8*m + 4. Let n be r(-8). Suppose w + 2514 = 7*w. Suppose -f - 2*t = -108, 3*t + 2*t = n*f - w. What are the prime factors of f?
2, 53
Let b(k) = 37*k + 8. Let p(m) = -m**2 - 13*m + 4. Let w be p(-13). Let r be b(w). Suppose 13*n = 11*n + r. List the prime factors of n.
2, 3, 13
Let j = -7487 - -17688. List the prime factors of j.
101
Suppose -87*m = -477273 - 1351206. List the prime factors of m.
21017
Suppose 0 = f - 56 + 68. Let t be f/7 - 14/49. What are the prime factors of 22/(t - (-24)/9) + 4?
37
Suppose 2*p - 3*d = 2780, 3*p - 6*d = -7*d + 4181. What are the prime factors of p?
7, 199
Let z(y) = 133*y**2 + 27*y - 303. List the prime factors of z(8).
5, 337
Let g(r) = -r**3 - 13*r**2 + 6*r + 83. Let t be g(-13). Suppose 8*y - 13*y = t*z - 2175, 0 = -2*y + 4*z + 882. List the prime factors of y.
19, 23
Let s(r) = 546*r**3 + 6*r**2 - 5*r. Let a(u) = u**3 + u**2 - u. Let l(t) = -3*a(t) + s(t). What are the prime factors of l(1)?
2, 17
Suppose 6*x - 2*d - 2082 = 4*x, 0 = -2*d - 4. Suppose -4*q + x = -0*q + i, -q - 4*i = -241. What are the prime factors of q?
3, 29
Let o be 2 + ((-1)/(-6) - 6728/48). Let b = 781 + o. List the prime factors of b.
643
Let x(v) = -5*v**2 - 18*v. Let s be x(-1). Suppose -2*t = -s*t + 1914. What are the prime factors of t?
2, 3, 29
Let i(a) = a**3 - 67*a**2 - 115*a + 32. List the prime factors of i(70).
2, 13, 257
Suppose -42*j + 1336142 + 75158 = -22*j. What are the prime factors of j?
5, 11, 1283
Let g(m) = 10*m - 21. Let z be g(7). Suppose 0 = z*l - 48*l - 205. Suppose l + 1010 = 9*w. List the prime factors of w.
3, 5
Suppose 22989 + 26141 - 5240 = 33*a. List the prime factors of a.
2, 5, 7, 19
Let u be (-2751)/6*(3 + 50/(-14)). Let g(o) = 43*o**2 + 3*o + 1. Let r be g(3). Let q = r - u. What are the prime factors of q?
3, 5
Let d(v) = -v**3 - 2*v**2 + v - 3. Let t be d(-3). Suppose 0 = 34*z - t*z - 341. What are the prime factors of z?
11
Let k = 13259 + -7419. What are the prime factors of k?
2, 5, 73
Suppose -68*r + 1839246 + 325268 = 372714. List the prime factors of r.
2, 5, 17, 31
What are the prime factors of (-1)/(2767/(-4830) + (-4)/(-7))?
2, 3, 5, 23
Suppose -28*c = -30*c - 1794. Let k = c - -1427. What are the prime factors of k?
2, 5, 53
What are the prime factors of (3759/12)/(14/112)?
2, 7, 179
Suppose -c - 1 = 2*c - s, 0 = -5*c - s - 7. Let k be -351*c*4/12. Let x = 214 - k. List the prime factors of x.
97
Suppose -6 = -3*x, -7*l + 6*l - 5*x = -2982. What are the prime factors of l?
2, 743
Let s = 4141 + 14976. What are the prime factors of s?
7, 2731
Let i = 5996 + -5989. Let f(z) be the third derivative of z**4/6 + 11*z**3/2 + 2*z**2. List the prime factors of f(i).
61
Let d = -2358 + 2417. List the prime factors of d.
59
Let d(r) = -r**2 - 2*r + 13. Let g be d(-5). Let f(y) = 230*y + 52. Let w be f(-4). What are the prime factors of 2/(-4) - (w/8 + g)?
2, 5, 11
Suppose -16 = 4*k + 2*j, -5*j = -6*k + 5*k - 4. Let y be (-3 - -7)*(k + 34). Suppose -3*v = -5*v + y. What are the prime factors of v?
2, 3, 5
Let k = -9199 - -28023. List the prime factors of k.
2, 13, 181
Suppose 500 = 5*s + p, 3*s = -2*p + 7*p + 328. Let u = 210 + s. What are the prime factors of u?
311
Let y(q) be the third derivative of -167*q**6/20 + q**5/30 - q**4/8 - 2*q**3/3 + q**2 + 110. List the prime factors of y(-1).
17, 59
Let a(p) = -256*p - 758. List the prime factors of a(-15).
2, 23, 67
Let l = -15662 - -39580. List the prime factors of l.
2, 11959
Let g(d) = d**2 - 4*d. Let q be g(4). Suppose 5 = 4*n + v, -3*n + 12 = -2*v - q. Suppose n*o - 105 = c, -c = o - 2*c - 50. List the prime factors of o.
5, 11
Suppose -281*a = -289*a + 16. Suppose 0 = -n + 4*t + 568, -t - 231 + 1367 = a*n. List the prime factors of n.
2, 71
Suppose 95 = 17*b - 12*b. Suppose b*c + 1565 = 24*c. List the prime factors of c.
313
Let t(u) = 22*u**2 - 8 + 6*u + 4 - 2. Let k be t(3). Suppose 4*a - 2*h - h = k, -4*a + 214 = -h. What are the prime factors of a?
2, 3
Suppose 0 = -3*m + 18*m - 23100. Let i = -893 + m. List the prime factors of i.
647
Let w(r) = -r**3 - 11*r**2 + 17*r. Let k be w(-12). Let p be 1/((-10)/4) - (-216)/k. List the prime factors of 10/(-5)*(46/p - 3).
29
Let s = -102 - -63. Let g = s + 42. Suppose -3*o + 515 = g*k - k, 354 = 2*o + 4*k. List the prime factors of o.
13
Let r(t) = -t - 6 + 29 + 23. Let c be r(23). Suppose -113 = -g + c. What are the prime factors of g?
2, 17
Suppose 3*q - 3*i = 192, 45 = q - 5*i - 15. Let m be 38/(-5) - 26/q. List the prime factors of (0 + -120)*(-3)/((-60)/m).
2, 3
Let p be (34/(-51))/(2/9). Let m = p + 2. Let f(i) = -17*i + 4. What are the prime factors of f(m)?
3, 7
List the prime factors of 20/30 + ((-2008)/(-12) - -2) + 4.
2, 3, 29
Let h = -355 - -356. List the prime factors of (-3 - h) + (-7400)/(-10).
2, 23
Let g(y) = 924*y - 4911. What are the prime factors of g(37)?
3, 3253
Let o(g) = -g**3 - 51*g**2 - 105*g + 88. What are the prime factors of o(-49)?
431
Let l = -307 + 441. Let p = 587 - l. What are the prime factors of p?
3, 151
Suppose -z - 13 - 76 = 5*v, -3*v - 50 = 4*z. Let q be (-6)/9 - 5592/v. Suppose -3*j + 8*x - 4*x = -160, -5*j - 2*x + q = 0. What are the prime factors of j?
2, 3, 5
Suppose 4*d - 12 = d. Suppose -h + 23 = 2*r, 24 = d*h + 4*r - 52. List the prime factors of (-38)/(-10) - 12/h.
3
Let s(h) = -h**3 - 18*h**2 - 9*h - 15. Let m be 28/210 - 116/(-30). Let v be 2/((-32)/m) + 71/(-4). List the prime factors of s(v).
3, 7
Let l = 83 + 45. Let o(i) = 84*i + 10. Let b be o(-1). Let k = l + b. List the prime factors of k.
2, 3
Let s = -18326 - -31625. What are the prime factors of s?
3, 11, 13, 31
Let y(z) = -5*z**3 - 21*z**2 + 74*z + 1114. What are the prime factors of y(-24)?
2, 28181
Let w(p) = 5556*p - 36. List the prime factors of w(2).
2, 3, 13, 71
Let n = 25815 + -7278. What are the prime factors of n?
3, 37, 167
Let l(t) = 1326*t + 766. List the prime factors of l(5).
2, 43
Let h(g) be the first derivative of -3*g + 23 - 5*g + 4*g + 0*g + 9*g**2. List the prime factors of h(2).
2
Suppose 0 = -43103*x + 43124*x - 84378. List the prime factors of x.
2, 7, 41
Let b be 2090/14 - (-12)/(-42). Suppose -s = 4*u - 82, 0*s - 5*u = 2*s - b. Let c = s - 11. What are the prime factors of c?
3, 17
Let j(u) = -u**3 - 17*u**2 + 14*u + 10. Let z be j(-20). Suppose z + 1020 = 15*x. What are the prime factors of x?
2, 5, 13
Let p(w) = -w**2 + w + 102. Let m = 241 + -241. List the prime factors of p(m).
2, 3, 17
Suppose 4*d - 4 = 0, 18 = 3*p - 0*d - 3*d. Let o be 4*(-2)/p*(-14)/16. What are the prime factors of (152 + -3)/o*1?
149
Let q be (56/(-35))/(2/(-5)). Suppose -2*s + q*m = -1384, 27*m + 2 = 25*m. List the prime factors of s.
2, 3, 5, 23
Let h(n) = 2*n + 141 + 25*n + 5*n + 7*n + n. List the prime factors of h(18).
3, 7, 41
Let s be ((-2)/((-20)/(-3085)))/(2/(-4)). Let x = s + -864. Let b = x - -359. List the prime factors of b.
2, 7
Let n = 109947 + -69868. What are the prime factors of n?
13, 3083
Let y be 208/32*2 + 0. Let r(k) = k + 14. Let a be r(-6). What are the prime factors of 431/y - a/52?
3, 11
Suppose -466596 = 3*w - 17*w - 25*w. What are the 